the tens digit of j?
1
Let l = 1250 - -39. What is the tens digit of l?
8
Let v = -95 - -521. Suppose 6*j = 1398 + v. What is the units digit of j?
4
Suppose -b - 5 = -8. Suppose -4*z = -o + 558, b*o - 4*z - 168 = 1538. What is the tens digit of o?
7
Suppose 0 = 5*l + 5*s - 35740, -4*l - 159*s + 28598 = -157*s. What is the thousands digit of l?
7
Let m(t) = -120*t + 3366. Let i be m(28). Let x = -6 + 1. What is the tens digit of 615/i - x/(-10)?
0
Let u be -3 + 305/10 + 4/(-8). Suppose 0 = 25*a - u*a + 562. What is the tens digit of a?
8
Let b(v) = 26*v**3 - 34*v**2 + v + 48. Let t(n) = -14*n**3 + 17*n**2 - 24. Let i(f) = -6*b(f) - 11*t(f). What is the units digit of i(7)?
1
Let m(s) = -2*s**3 - 12*s**2 + 3*s. Let c be m(-6). What is the hundreds digit of 267/((-21)/18*c/28)?
3
Let q(g) be the third derivative of -g**4/4 + 283*g**3/6 + 2*g**2 - g. Let u = 7 + -7. What is the units digit of q(u)?
3
Let o be 448/(-5) + (-2)/5. Let z = o - -90. Suppose z = 4*k - 0*f - f - 603, 0 = 4*k + f - 597. What is the tens digit of k?
5
Let s = 3607 - 934. What is the thousands digit of s?
2
Suppose 5*u - 599 = 106. Suppose 2*j - u = 173. What is the tens digit of j?
5
Let y(j) = 47*j**2 - 9*j + 1. Let f be y(-3). Suppose 5*w + f = n + 3*w, 2*n + 4*w - 894 = 0. What is the tens digit of n?
4
Let v(i) = -575*i - 1. Let a be v(2). Let u = -650 - a. What is the tens digit of u?
0
Let z = 33739 - 28164. What is the thousands digit of z?
5
Let w(j) = j**3 - 7*j**2 + 11*j. Let h be w(5). Suppose -5*l + g + 2500 = 0, -1309 - 1171 = -h*l + 5*g. What is the hundreds digit of l?
5
Suppose -8*s = 11*s - 22*s + 98388. What is the hundreds digit of s?
7
Let y(r) = -2*r + 18. Let b be y(9). Suppose -6*x + 4*x + 426 = b. Suppose 91 = 2*z + 5*v - 134, 2*z = -v + x. What is the units digit of z?
5
Let w(p) = 11*p - 11. Let c be -22*(4/8 - 1). Let g be w(c). Suppose 11*h + g - 1991 = 0. What is the units digit of h?
1
Suppose 0 = 4*w + 3*x - 52, x + 16 = 4*w - 52. Suppose w*k - 12*k = 20. Suppose 5*v = 25, s = k*s - 4*v - 368. What is the tens digit of s?
9
Suppose -20 = -2*c - 3*c - u, u - 2 = c. Suppose 5*x - 7249 = 5*j - 9*j, -j + 1807 = c*x. Suppose -2*r = 6*r - j. What is the units digit of r?
7
Let o(r) = -r**3 + 9*r**2 + 16*r - 21. Let y(j) = 2*j**2 + 73*j - 27. Let f be y(-37). What is the units digit of o(f)?
9
Suppose 99073 = 21*s + 2*s - 22919. What is the hundreds digit of s?
3
Suppose 0 = -2*o - 4*h + 120832 + 21636, -3*h = 4*o - 284951. Let x be 10/4*o/50. Suppose 13*i = -390 + x. What is the units digit of i?
4
Let x = -7 - -12. Suppose 27 = 2*m - x*f - 18, -4*m - f = -35. Suppose 35 + m = c. What is the tens digit of c?
4
Let c be (-45)/2*(3 + -1)*14. Let l = -407 - c. What is the units digit of l?
3
Suppose 39*y + 4 = 41*y. Suppose j - b = 380, -703 - 1194 = -5*j + y*b. What is the hundreds digit of j?
3
Suppose 3*l + 290 = 8*l. Let f = 52 - l. What is the tens digit of (-772)/(-8) - (-3 + (-21)/f)?
9
Let y(z) = -1007 + 9*z + 1004 + 13*z**3 + 0*z**3 - 4*z**2 + 7*z**3. What is the units digit of y(4)?
9
Suppose 3*i = -2*s - 48531, 3*i - 5*i - 32343 = 5*s. What is the tens digit of (-312)/(-54) + -6 + i/(-27)?
9
Let b(d) = d**3 + 10*d**2 - 12*d - 7. Let j = -27 + 16. Let m be b(j). Suppose 0 = -3*t - m*k + k + 411, -403 = -3*t + 5*k. What is the tens digit of t?
3
Let y(m) = -m**3 + 21*m**2 - 38*m + 14. Let j be y(19). Let z(d) = -d**2 + 16*d. What is the tens digit of z(j)?
2
Let u(f) = 2*f**3 + 11*f**2 - 5*f + 9. Let x be u(-7). Let r = 161 + x. Suppose r + 32 = 10*t. What is the units digit of t?
9
Let i = -18409 - -31096. What is the thousands digit of i?
2
Suppose 0 = -5*u + 7*a + 44315, -u + 0*u - 4*a = -8890. What is the hundreds digit of u?
8
What is the hundreds digit of 2 + 1 + 3 + 0 + -2 + 15876?
8
Let d = -191 - -191. Suppose d = -7*a + 4*a + 417. What is the units digit of a?
9
Let k = 1143 + -2093. Let q = -505 - k. What is the hundreds digit of q?
4
Let q = -21 + 29. Let r(h) = 38*h**2 - 34*h + 12. Let y be r(8). What is the units digit of 2/3*y/q?
1
Suppose q = 2*o + 2 - 0, 5*q - 3*o - 17 = 0. Suppose 0 = 4*v, -q*n + 2*v - 259 = -735. What is the tens digit of n?
1
Let x = 108 - 70. Let k = x - 26. Suppose 0 = -y + 76 - k. What is the tens digit of y?
6
Let o(m) = -163*m - 22. Let n(k) = -21*k + 141. Let y be n(7). What is the units digit of o(y)?
6
Let v be (-280)/(-50) - 4/(-10). Suppose 57 = v*a - 21. Let q = 28 - a. What is the units digit of q?
5
Suppose -18*p = -191 - 169. Suppose 0 = -3*k + 4*d + 389, 5*k = -4*d - p + 711. What is the units digit of k?
5
Let m(o) = 320*o + 749. What is the tens digit of m(32)?
8
Let p(c) = 18*c**2 + 220*c + 9069. What is the thousands digit of p(-65)?
0
Suppose -3*d - 5*b = 6, 4*d - 7*d - 3 = 4*b. Let q(r) = 30*r**3 - 31*r**d - 9*r**2 + 5*r - 18*r - 9. What is the units digit of q(-10)?
1
Suppose -1258 = 2*v - 210. Let c = -260 - v. What is the units digit of c?
4
Suppose 14*a + 41 = 13. What is the tens digit of (-20 - -24)/(a - -1) + 128?
2
Suppose -40*s + 52 = -28. Let q(a) = 780*a - 18. What is the units digit of q(s)?
2
What is the tens digit of -20*(-22)/264 + 55162/3 + -7?
8
Let v(o) = -o**3 - 19*o**2 + 21*o + 24. Suppose 36*w - 42*w = 120. Let l be v(w). Suppose a - l*i = 2*a - 119, 226 = 2*a + 5*i. What is the tens digit of a?
0
Suppose 4*q - 5*q + 25014 = 5*l, 5*l - 25022 = -3*q. What is the tens digit of l?
0
Let j = 410 - 863. Let f = j + 256. Let z = f + 382. What is the units digit of z?
5
Let x(f) = 915*f - 66. Let z be x(5). Suppose -1323 = -12*n + z. What is the hundreds digit of n?
4
Let x = 39 + -40. Let c be x/(-4) + (-52)/16. What is the hundreds digit of (-252)/(-3 + 1) + c?
1
Let y = -18 - -20. Suppose -m - y*m = -990. What is the hundreds digit of (m/8)/(15/40)?
1
Suppose 0 = -24*x + 146307 + 262655 + 7198. What is the hundreds digit of x?
3
Suppose -41*o + 1631040 = 279*o. What is the hundreds digit of o?
0
What is the units digit of (-4 + 1)/(-6) - (-413523)/66?
6
Suppose 0 = -161*o + 301*o - 146*o + 142632. What is the units digit of o?
2
Let u = 39076 + -23998. What is the hundreds digit of u/84*1*4?
7
Suppose -1440087 = -72*s - 33063. What is the units digit of s?
2
Suppose 4*j - 20 = 0, 2*j = 3*n - 53 + 18. Let v = n - -70. What is the tens digit of v/2 + 6/(-36)*-3?
4
Suppose -207*p + 201*p = -12. Suppose -k + 2*c + 506 = 0, 5*k + 4*c - 2482 = p*c. What is the hundreds digit of k?
4
What is the ten thousands digit of (-1 + -1)*(2537514/(-114) - 4/38)?
4
Let p(i) = 37*i - 99. Let c be p(45). Suppose -5*t + 5*z + c = 16, 0 = -4*t + 3*z + 1235. What is the units digit of t?
5
Let g = 124742 + -83433. What is the thousands digit of g?
1
What is the hundreds digit of (-720885)/(-22) - (-3)/(-2)?
7
Let l = 34 - 13. Suppose l*k = 17*k + 20. Suppose k*r - 176 = 24. What is the tens digit of r?
4
Let w be (-3)/2 - (-417)/2. Let i be -2 - (-3)/1 - 1. Suppose i = -g - o + 84, 2*g + 53 = 5*o + w. What is the units digit of g?
2
What is the tens digit of (-36892)/28*(-49 + 42)?
2
What is the tens digit of (-4)/(-36) + (-14)/((-1512)/5004924)?
4
Let j(x) = -2*x**2 + 265*x + 311. What is the hundreds digit of j(77)?
8
What is the thousands digit of (-582)/(-5 + ((-44591)/(-9460) - (-1)/4))?
6
Let z(k) = k**3 - k**2 - 8*k - 17. Let y be z(-3). Let a = 283 + y. What is the tens digit of a?
5
Let l(p) = 43*p**2 + 9*p - 50. Let n be l(5). Suppose 5*z = 5*h + n, -z - z + 3*h = -426. What is the hundreds digit of z?
2
Let h(c) = -189*c + 751. What is the hundreds digit of h(-25)?
4
Suppose 52880 = 5*y - 15*a + 17*a, 5*y - 5*a - 52915 = 0. What is the units digit of y?
8
Let r(m) = 4*m**2 + 3*m + 0*m - 7 - 8. Suppose -23*i - 16*i - 195 = 0. What is the tens digit of r(i)?
7
Suppose -18*n + 23*n - 25 = 0. Suppose 3*l + 3*c = 1227, l + n*c = 10*c + 439. What is the units digit of l?
4
Let k be 1310 - ((7 - 7) + 8). Let d = 23 + -15. What is the tens digit of (d/(-14))/((-12)/k)?
6
Let f = 35022 + -21174. What is the thousands digit of f?
3
Let u be (-2)/5 + 434/35. Let i(s) = 4*s**2 - 4*s + 79. What is the tens digit of i(u)?
0
What is the thousands digit of 1 + (-39)/36 + 704431/84?
8
Let m be ((-1 + 1)*(-16)/(-32))/2. Suppose 3*y - 53 = -b + 1409, 4*b - y - 5822 = m. What is the tens digit 